*f - 30. What is k(-9)?
-12
Let g(a) = -a**3 - 5*a**2 + 5*a + 4. Determine g(-6).
10
Let m(k) = k**2 - 87*k + 411. Determine m(82).
1
Let b(l) = 3*l**3 + 4*l**2 - 7*l + 5. Calculate b(2).
31
Let v(x) = x**2 - 17*x + 16. What is v(17)?
16
Let m(q) = 3*q - 9. What is m(8)?
15
Let z(w) = 8*w**3 + w**2 + w - 1. What is z(1)?
9
Let o(u) = -u**2 - 13*u - 20. What is o(-8)?
20
Let r(d) = 23*d + 1. Give r(-2).
-45
Let o(s) = s**3 - 5*s**2 + 2*s - 4. Give o(4).
-12
Let f(j) = -j**3 + 12*j**2 + 11*j - 15. Calculate f(13).
-41
Let j(k) = k**2 - 2*k - 1. Determine j(-1).
2
Let c(s) = -3*s**2 + 3*s + 16. Give c(-5).
-74
Let f(b) = -b**2 - 10*b + 39. Give f(-12).
15
Let v(g) = -g**2 - 5*g + 15. What is v(6)?
-51
Let j(i) = 5*i + 72. Calculate j(-16).
-8
Let g(j) = j**3 - 4*j**2 - 10*j + 7. Give g(6).
19
Let g(a) = 4*a + 28. Determine g(-6).
4
Let a(t) = -t**3 - 16*t**2 - 12*t + 37. What is a(-15)?
-8
Let d(f) = -8*f**2 - 33*f + 32. What is d(-5)?
-3
Let i(v) = 4*v**2 + 2*v - 6. Calculate i(2).
14
Let q(a) = -7*a**2 + 3*a + 5. Calculate q(0).
5
Let k(j) = j**2 - 11*j - 48. What is k(-7)?
78
Let m(v) = 12*v - 5. Calculate m(9).
103
Let j(t) = -12*t - 69. What is j(-6)?
3
Let p(u) = 9*u - 26. What is p(7)?
37
Let l(z) = -5*z - 2. What is l(-4)?
18
Let y(g) = -g**2 - 14*g - 13. Give y(-13).
0
Let m(x) = 36*x - 5. Give m(-4).
-149
Let h(t) = t**2 - 19*t + 46. What is h(16)?
-2
Let l(y) = -y**3 + 4*y**2 + 4*y - 1. What is l(5)?
-6
Let s(b) = -b - 15. Determine s(-21).
6
Let k(g) = -g**2 - 10*g - 7. What is k(-6)?
17
Let m(q) = -8*q + 24. What is m(10)?
-56
Let l(i) = -i**2 + 2*i + 2. What is l(2)?
2
Let s(r) = 40*r - 14. What is s(1)?
26
Let s(f) = -f**3 + 5*f**2 - 3*f - 2. What is s(4)?
2
Let m(c) = -13*c - 3. What is m(13)?
-172
Let k(n) = 2*n**3 - 51*n**2 - 25*n - 27. Give k(26).
-1
Let b(l) = -l**2 + 5*l - 3. Give b(3).
3
Let b(j) = -j**2 - 3*j + 22. Give b(-6).
4
Let g(b) = b**2 + 4*b - 7. Calculate g(2).
5
Let g(t) = -t**3 - 13*t**2 + 14*t. Give g(-14).
0
Let j(p) = p**3 - 6*p**2 + 20*p - 132. Calculate j(6).
-12
Let v(u) = 10*u**3 + 3*u**2 - u. Calculate v(1).
12
Let n(p) = 35*p - 153. Give n(5).
22
Let v(j) = 3*j - 29. Calculate v(0).
-29
Let w(y) = -y**2 - 7*y + 10. Determine w(-11).
-34
Let w(t) = -4*t - 13. Determine w(-8).
19
Let c(q) = -3*q + 4. Determine c(4).
-8
Let y(r) = -r**2 + 18*r - 26. Calculate y(16).
6
Let w(i) = i**2 + 27*i - 406. Calculate w(-38).
12
Let n(z) = z**2 + 8*z + 7. What is n(-8)?
7
Let y(z) = 3*z**2 - 30*z. Calculate y(5).
-75
Let x(r) = r**2 - r - 26. What is x(0)?
-26
Let y(x) = -15*x + 4. Calculate y(-3).
49
Let k(z) = -z**2 + 9*z - 14. What is k(6)?
4
Let c(z) = z**3 - 6*z**2 + 2*z - 11. What is c(6)?
1
Let h(d) = -27*d + 4. Determine h(3).
-77
Let l(m) = -m**3 + 14*m**2 + 14*m - 18. Determine l(15).
-33
Let s(o) = -3*o**3 + 59*o**2 + 20*o + 11. Give s(20).
11
Let t(i) = -i**3 - 6*i**2 + 6. What is t(-6)?
6
Let t(c) = c**3 + 5*c**2 + 5*c + 1. Determine t(-4).
-3
Let p(g) = -g**2 + 9*g + 11. Calculate p(11).
-11
Let j(w) = 7*w + 507. Determine j(-73).
-4
Let y(r) = -8*r - 32. What is y(-3)?
-8
Let k(o) = o**3 - 7*o - 8. What is k(4)?
28
Let j(b) = -b**3 - b**2 - b - 12. Give j(0).
-12
Let x(s) = s**2 - 34*s - 63. Calculate x(36).
9
Let f(q) = -38*q**3 + q**2 - 1. Calculate f(-1).
38
Let s(o) = o**3 + 10*o**2 - 3*o + 8. Give s(-10).
38
Let p(b) = -6*b**2 - 9*b + 1. Determine p(-1).
4
Let p(v) = -2*v - 28. Calculate p(-13).
-2
Let c(k) = -k + 39. What is c(-17)?
56
Let n(o) = -o**3 + 19*o**2 + 20*o + 7. Calculate n(20).
7
Let k(f) = -6*f - 16. Determine k(8).
-64
Let i(d) = d**3 + 6*d**2 - 9*d + 6. Calculate i(-8).
-50
Let d(r) = r**2 + r + 1. Give d(-1).
1
Let d(h) = h**3 + 10*h**2 - 10*h + 13. Give d(-11).
2
Let d(u) = -3*u + 2. Give d(-1).
5
Let t(p) = -12*p - 189. What is t(-15)?
-9
Let q(g) = 3*g**2 - 11*g - 34. Calculate q(-4).
58
Let q(n) = -2*n**3 - 21*n**2 + 12*n + 10. Determine q(-11).
-1
Let z(d) = -d**2 - 34*d - 28. What is z(-33)?
5
Let j(g) = -2*g**2 - 67. What is j(0)?
-67
Let j(f) = 8*f + 20. Give j(-14).
-92
Let y(f) = f + 4. What is y(-9)?
-5
Let q(o) = -20*o**2 + 2*o - 1. Give q(1).
-19
Let m(u) = u**3 - 5*u**2 - 7*u - 2. What is m(6)?
-8
Let v(s) = 3*s**3 - 4*s**2 - 4*s + 10. Calculate v(3).
43
Let s(o) = 18*o - 120. Give s(7).
6
Let c(r) = 2*r**2 - 15*r + 3. Give c(6).
-15
Let x(c) = 13*c + 14. Calculate x(-3).
-25
Let g(y) = -2*y**3 - 23*y**2 + 39*y - 18. Calculate g(-13).
-18
Let r(s) = s**3 - 8*s**2 + 6*s - 3. Give r(7).
-10
Let i(x) = x - 2. What is i(3)?
1
Let p(v) = v**3 + 35*v**2 - 36*v. Calculate p(-36).
0
Let s(l) = -91*l - 96. Give s(-1).
-5
Let y(q) = -q**3 - 8*q**2 + 11*q. What is y(-9)?
-18
Let t(l) = l**2 + 15*l - 31. Give t(-17).
3
Let w(z) = z**3 - 5*z**2 - 6*z - 7. What is w(6)?
-7
Let x(q) = -2*q - 25. Calculate x(19).
-63
Let g(n) = 13*n**2 + n + 1. Determine g(-1).
13
Let g(w) = w**3 - 11*w**2 - w - 8. What is g(11)?
-19
Let q(b) = b**3 - 3*b**2 - 9*b - 1. Calculate q(6).
53
Let v(j) = -j**2 + 5*j - 2. Give v(6).
-8
Let b(l) = -6*l + 27. What is b(5)?
-3
Let n(b) = 2*b**3 - b**2 + 3*b - 3. Determine n(2).
15
Let r(l) = -2*l**3 - 6*l**2 - 2*l + 3. Determine r(-4).
43
Let o(j) = j**3 + 3*j**2 - 4*j + 7. Calculate o(-6).
-77
Let s(n) = -n**2 - 3*n + 23. What is s(-6)?
5
Let r(q) = -q**3 - 13*q**2 - 3*q + 17. Determine r(-13).
56
Let q(d) = 2*d + 5. What is q(-1)?
3
Let k(x) = -x**3 - 13*x**2 - 11*x - 15. What is k(-12)?
-27
Let y(b) = 2*b - 9. What is y(-2)?
-13
Let w(r) = 8*r + 324. Determine w(-45).
-36
Let l(v) = -v**2 - 78*v - 372. What is l(-73)?
-7
Let u(s) = 12*s**2 + 2*s - 6. Determine u(2).
46
Let f(j) = j**2 - 16*j - 40. Calculate f(18).
-4
Let f(u) = -23*u - 1. Calculate f(-1).
22
Let x(v) = 2*v**2 - 10*v - 11. Determine x(6).
1
Let i(v) = 2*v**2 + 8*v - 14. Determine i(-7).
28
Let i(r) = -r + 16. What is i(15)?
1
Let i(a) = -a**3 + 19*a**2 + 18*a + 39. Determine i(20).
-1
Let s(m) = -3*m**2 - 79*m - 26. Determine s(-26).
0
Let m(z) = 4*z + 1. What is m(-2)?
-7
Let v(w) = w**3 + 51*w**2 + 188*w + 6. What is v(-47)?
6
Let x(p) = p**2 - 12*p + 8. Calculate x(8).
-24
Let l(h) = 2*h - 2. Give l(3).
4
Let u(o) = -9*o**3 - o**2 + 3*o - 2. Determine u(1).
-9
Let y(l) = -l**2 - 12*l - 11. What is y(-10)?
9
Let l(b) = -b**2 + 17*b - 8. Determine l(16).
8
Let l(f) = 14*f - 165. What is l(11)?
-11
Let f(p) = 45*p**2 + 2. Determine f(-1).
47
Let r(n) = 9*n - 235. Calculate r(27).
8
Let g(f) = -f**3 + 16*f**2 - 9. Give g(16).
-9
Let m(n) = n**2 + 2*n + 27. Give m(0).
27
Let f(v) = 2*v + 2. What is f(2)?
6
Let p(m) = m**3 - 19*m**2 - 23. Calculate p(19).
-23
Let h(i) = -i**2 - 6*i + 7. Determine h(-6).
7
Let r(s) = -s**2 + 137*s - 407. Determine r(3).
-5
Let o(t) = t**3 - 7*t**2 + 16*t - 3. Give o(5).
27
Let q(r) = -r**3 - 2*r**2 - 5*r + 46. Determine q(5).
-154
Let s(l) = -5*l**2 - 42*l + 15. Give s(-9).
-12
Let y(n) = n**3 - 8. Give y(2).
0
Let t(z) = z**3 - 12*z**2 + 4*z - 42. What is t(12)?
6
Let a(k) = -9*k**3 + 2*k + 3. Determine a(-1).
10
Let h(x) = -x + 25. Give h(16).
9
Let z(k) = -20*k + 105. Give z(5).
5
Let v(p) = -p**2 - 7*p - 13. What is v(-3)?
-1
Let w(t) = 2*t**2 + 6. What is w(4)?
38
Let a(n) = 51*n + 249. What is a(-5)?
-6
Let j(c) = 4*c**2 + 5*c. Calculate j(-2).
6
Let o(r) = 2*r**3 + 10*r**2 - 16*r - 14. What is o(-6)?
10
Let c(h) = 17*h - 367. What is c(21)?
-10
Let n(c) = c + 35. What is n(3)?
38
Let a(h) = -5*h**2 + 10*h - 6. Calculate a(4).
-46
Let z(s) = -s**3 - 2*s**2 + 2*s - 14. Give z(-4).
10
Let s(u) = -u**2 - 18*u - 47. Calculate s(-3).
-2
Let r(u) = -2*u**2 + 2*u - 6. Calculate r(4).
-30
Let o(i) = -4*i**2 - 4. Give o(2).
-20
Let j(q) = 7*q**3 + 2*q**2 - q - 2. Calculate j(-1).
-6
Let i(a) = 4*a + 20. Calculate i(4).
36
Let z(y) = -59*y - 2. What is z(-1)?
57
Let b(j) = -j**3 - j**2 + 2*j + 39. Determine b(0).
39
Let d(t) = -t - 16. What is d(-7)?
-9
Let m(i) = -8*i + 25. Give m(19).
-127
Let i(x) = -x**2 - 25*x + 19. Give i(-26).
-7
Let h(x) = x**3 - 22*x**2 + x - 19. Give h(22).
3
Let u(b) = -4*b + 8. Calculate u(-7).
36
Let p(v) = -v**3 - v**2 - v - 15. Determine p(-3).
6
Let x(l) = 10*l**2 + l - 1. What is x(1)?
10
Let w(t) = -t**3 - 11*t**2 - 26*t - 19. Determine w(-8).
-3
Let a(j) = -14*j**2 - j. Determine a(1).
-15
Let j(s) = -s**2 - 12*s - 21. Give